remainder when 21176 is divided by 20814?
362
Calculate the remainder when 287032 is divided by 115.
107
What is the remainder when 14041 is divided by 6994?
53
What is the remainder when 49477783 is divided by 9?
4
Calculate the remainder when 2294769 is divided by 764917.
18
What is the remainder when 3126578 is divided by 40?
18
What is the remainder when 54325 is divided by 13495?
345
Calculate the remainder when 15748483 is divided by 215.
163
Calculate the remainder when 11063695 is divided by 165129.
52
What is the remainder when 51741 is divided by 50822?
919
Calculate the remainder when 1401821 is divided by 1187.
1161
What is the remainder when 1400962 is divided by 21?
10
Calculate the remainder when 13919468 is divided by 336.
332
Calculate the remainder when 184470 is divided by 6332.
842
What is the remainder when 385670322 is divided by 17?
9
Calculate the remainder when 48433784 is divided by 134.
20
Calculate the remainder when 320816334 is divided by 160408167.
0
What is the remainder when 1341332 is divided by 3550?
2982
Calculate the remainder when 803658 is divided by 200905.
38
Calculate the remainder when 7242355 is divided by 433.
430
Calculate the remainder when 7669617 is divided by 70.
67
Calculate the remainder when 1347670 is divided by 224599.
76
What is the remainder when 4860727 is divided by 29?
8
What is the remainder when 254897 is divided by 3926?
3633
What is the remainder when 201997 is divided by 32367?
7795
What is the remainder when 3216526 is divided by 201032?
14
Calculate the remainder when 974739 is divided by 151.
34
Calculate the remainder when 713957000 is divided by 178489249.
4
Calculate the remainder when 4031395 is divided by 6026.
1
What is the remainder when 87993277 is divided by 21998313?
25
Calculate the remainder when 130256 is divided by 130241.
15
What is the remainder when 283093 is divided by 307?
39
What is the remainder when 30365 is divided by 3764?
253
What is the remainder when 85567 is divided by 7742?
405
Calculate the remainder when 145260 is divided by 4150.
10
What is the remainder when 237497 is divided by 637?
533
Calculate the remainder when 1318725 is divided by 11.
1
What is the remainder when 44158461 is divided by 14?
11
What is the remainder when 241355189 is divided by 60?
29
Calculate the remainder when 128699933 is divided by 46.
29
What is the remainder when 11402212 is divided by 67?
18
Calculate the remainder when 820629 is divided by 671.
667
Calculate the remainder when 39746 is divided by 132.
14
Calculate the remainder when 43765677 is divided by 1706.
1659
What is the remainder when 11587657 is divided by 203292?
13
What is the remainder when 545320 is divided by 181679?
283
Calculate the remainder when 1564586 is divided by 2407.
36
What is the remainder when 5445878 is divided by 168?
158
What is the remainder when 192663597 is divided by 666656?
13
Calculate the remainder when 703878 is divided by 2300.
78
What is the remainder when 10595269 is divided by 3531747?
28
Calculate the remainder when 75567 is divided by 2241.
1614
Calculate the remainder when 2026688 is divided by 702.
14
What is the remainder when 1525663 is divided by 784?
783
Calculate the remainder when 83565 is divided by 27844.
33
Calculate the remainder when 340028 is divided by 1958.
1294
Calculate the remainder when 50999 is divided by 3014.
2775
Calculate the remainder when 21637110 is divided by 644.
642
What is the remainder when 8454776 is divided by 183799?
22
What is the remainder when 3037528 is divided by 24694?
166
What is the remainder when 405190 is divided by 231?
16
What is the remainder when 5812500 is divided by 34?
30
Calculate the remainder when 11359813 is divided by 5679905.
3
What is the remainder when 55589 is divided by 2635?
254
What is the remainder when 18696 is divided by 1555?
36
What is the remainder when 41811 is divided by 28?
7
What is the remainder when 28282706 is divided by 76?
66
Calculate the remainder when 185585 is divided by 184943.
642
Calculate the remainder when 16761360 is divided by 1906.
1902
What is the remainder when 63101 is divided by 5498?
2623
What is the remainder when 144757 is divided by 1894?
813
What is the remainder when 3293217 is divided by 1552?
1425
What is the remainder when 20529916 is divided by 59507?
1
Calculate the remainder when 40239699 is divided by 10059924.
3
What is the remainder when 7098703 is divided by 7098660?
43
Calculate the remainder when 1395098 is divided by 87186.
122
What is the remainder when 10554872 is divided by 10554800?
72
Calculate the remainder when 855998 is divided by 71.
22
Calculate the remainder when 369949 is divided by 123127.
568
Calculate the remainder when 19181999 is divided by 250.
249
What is the remainder when 289049 is divided by 217?
5
Calculate the remainder when 3288379 is divided by 298943.
6
What is the remainder when 9300439 is divided by 7549?
71
What is the remainder when 1115573 is divided by 139405?
333
Calculate the remainder when 604502 is divided by 310.
2
What is the remainder when 3878775 is divided by 545?
10
Calculate the remainder when 87435 is divided by 2028.
231
Calculate the remainder when 112964206 is divided by 336.
334
What is the remainder when 20030039 is divided by 628?
607
Calculate the remainder when 10375885 is divided by 1509.
1
What is the remainder when 4030629 is divided by 17?
14
Calculate the remainder when 1118854 is divided by 93232.
70
Calculate the remainder when 822261 is divided by 123.
6
Calculate the remainder when 38528212 is divided by 1699.
1688
Calculate the remainder when 3101934 is divided by 124077.
9
Calculate the remainder when 3550670 is divided by 10536.
38
What is the remainder when 12077088 is divided by 175?
163
Calculate the remainder when 3251028 is divided by 2528.
20
What is the remainder when 14251513 is divided by 1252?
1249
What is the remainder when 263781 is divided by 3430?
3101
What is the remainder when 37325 is divided by 38?
9
Calculate the remainder when 173544 is divided by 61.
60
What is the remainder when 60927715 is divided by 453?
121
What is the remainder when 3559784 is divided by 5122?
5116
Calculate the remainder when 8337729 is divided by 1508.
1505
What is the remainder when 5919 is divided by 2334?
1251
Calculate the remainder when 506398 is divided by 101094.
928
What is the remainder when 781047 is divided by 262?
25
What is the remainder when 5019179 is divided by 332?
3
Calculate the remainder when 939491 is divided by 939458.
33
What is the remainder when 58633 is divided by 14535?
493
Calculate the remainder when 337636 is divided by 1122.
1036
What is the remainder when 19378002 is divided by 6459331?
9
What is the remainder when 25266 is divided by 2167?
1429
What is the remainder when 13608366 is divided by 30107?
2
What is the remainder when 1476561 is divided by 1476491?
70
What is the remainder when 34925 is divided by 408?
245
What is the remainder when 145132240 is divided by 69?
55
Calculate the remainder when 3495268 is divided by 43.
13
Calculate the remainder when 25441096 is divided by 1181.
1175
What is the remainder when 1454413 is divided by 10932?
457
Calculate the remainder when 6607873 is divided by 296.
265
Calculate the remainder when 169216999 is divided by 19.
16
Calculate the remainder when 67213 is divided by 1583.
727
What is the remainder when 1355592 is divided by 8746?
8708
What is the remainder when 114169 is divided by 207?
112
What is the remainder when 51537058 is divided by 1305?
1303
Calculate the remainder when 12169008 is divided by 6084498.
12
Calculate the remainder when 7661184 is divided by 204.
168
Calculate the remainder when 7662067 is divided by 2554017.
16
What is the remainder when 16321170 is divided by 5440388?
6
What is the remainder when 527262 is divided by 29292?
6
What is the remainder when 88570 is divided by 788?
314
Calculate the remainder when 483507 is divided by 715.
167
Calculate the remainder when 5956519 is divided by 122.
113
Calculate the remainder when 132902 is divided by 5738.
928
What is the remainder when 2284213 is divided by 101?
98
Calculate the remainder when 6452564 is divided by 322626.
44
What is the rem